3740?
2, 5, 11, 2017
What are the prime factors of 3092659?
199, 15541
What are the prime factors of 785406?
2, 3, 223, 587
What are the prime factors of 139146?
2, 3, 7, 3313
List the prime factors of 641702.
2, 320851
What are the prime factors of 4778988?
2, 3, 398249
What are the prime factors of 269779?
269779
What are the prime factors of 7464047?
37, 201731
List the prime factors of 1713261.
3, 11, 193, 269
List the prime factors of 265059.
3, 9817
List the prime factors of 76955.
5, 15391
List the prime factors of 15205233.
3, 5068411
What are the prime factors of 1221612?
2, 3, 7, 14543
What are the prime factors of 1409184?
2, 3, 7, 233
What are the prime factors of 65829?
3, 21943
What are the prime factors of 4117207?
23, 43, 181
List the prime factors of 14700533.
14700533
What are the prime factors of 7617996?
2, 3, 70537
List the prime factors of 25482081.
3, 8494027
List the prime factors of 98911.
98911
List the prime factors of 30021.
3, 10007
List the prime factors of 598633.
7, 19, 643
List the prime factors of 12866770.
2, 5, 7, 397, 463
What are the prime factors of 17773226?
2, 1549, 5737
List the prime factors of 130279.
130279
List the prime factors of 315822.
2, 3, 13, 4049
List the prime factors of 2446505.
5, 67, 109
What are the prime factors of 28909646?
2, 59, 244997
What are the prime factors of 5909651?
11, 537241
List the prime factors of 39794.
2, 101, 197
What are the prime factors of 355227?
3, 118409
What are the prime factors of 632181?
3, 11, 19157
What are the prime factors of 551613?
3, 183871
What are the prime factors of 1322182?
2, 661091
List the prime factors of 20308683.
3, 647, 10463
List the prime factors of 302609.
302609
What are the prime factors of 34453?
131, 263
List the prime factors of 166778.
2, 83389
What are the prime factors of 558509?
7, 23, 3469
List the prime factors of 209699.
7, 29, 1033
What are the prime factors of 37269395?
5, 7453879
List the prime factors of 1063316.
2, 17, 19, 823
What are the prime factors of 14566474?
2, 13, 560249
What are the prime factors of 18495091?
18495091
List the prime factors of 1124796.
2, 3, 67, 1399
What are the prime factors of 172759?
172759
What are the prime factors of 5924719?
5924719
List the prime factors of 28044469.
1303, 21523
List the prime factors of 6584447.
6584447
What are the prime factors of 12461424?
2, 3, 89, 2917
What are the prime factors of 2254893?
3, 751631
What are the prime factors of 54168?
2, 3, 37, 61
List the prime factors of 9635282.
2, 47, 102503
List the prime factors of 17907519.
3, 7, 19, 37, 1213
What are the prime factors of 1714302?
2, 3, 95239
What are the prime factors of 39968469?
3, 191, 23251
List the prime factors of 4095410.
2, 5, 11, 31, 1201
List the prime factors of 197708.
2, 7, 23, 307
List the prime factors of 1624632.
2, 3, 139, 487
What are the prime factors of 908297?
13, 109, 641
What are the prime factors of 430156?
2, 31, 3469
List the prime factors of 1980037.
1223, 1619
What are the prime factors of 3468222?
2, 3, 19, 10141
List the prime factors of 8954995.
5, 7, 36551
List the prime factors of 3868356.
2, 3, 347, 929
What are the prime factors of 243036?
2, 3, 43, 157
What are the prime factors of 17745060?
2, 3, 5, 295751
List the prime factors of 4033.
37, 109
What are the prime factors of 1726524?
2, 3, 199, 241
List the prime factors of 7301607.
3, 2433869
What are the prime factors of 354516?
2, 3, 31, 953
List the prime factors of 21579697.
547, 39451
What are the prime factors of 6640498?
2, 83, 109, 367
List the prime factors of 7547822.
2, 3773911
What are the prime factors of 891127?
941, 947
List the prime factors of 1592385.
3, 5, 53, 2003
List the prime factors of 15235696.
2, 7, 136033
What are the prime factors of 525086?
2, 262543
What are the prime factors of 722626?
2, 361313
List the prime factors of 126987.
3, 7, 6047
What are the prime factors of 439355?
5, 7, 12553
List the prime factors of 23625011.
101, 233911
List the prime factors of 165379.
165379
List the prime factors of 179010.
2, 3, 5, 13, 17
What are the prime factors of 833227?
491, 1697
What are the prime factors of 3698547?
3, 1232849
What are the prime factors of 22621373?
17, 379, 3511
List the prime factors of 5204867.
5204867
What are the prime factors of 402306?
2, 3, 19, 3529
List the prime factors of 13184945.
5, 17, 181, 857
What are the prime factors of 629147?
19, 33113
What are the prime factors of 28282182?
2, 3, 4713697
List the prime factors of 4597862.
2, 229, 10039
List the prime factors of 524190.
2, 3, 5, 101, 173
What are the prime factors of 549763?
17, 73, 443
What are the prime factors of 81535?
5, 23, 709
List the prime factors of 435157.
19, 37, 619
What are the prime factors of 4110519?
3, 7, 195739
What are the prime factors of 2327873?
523, 4451
What are the prime factors of 4777984?
2, 2333
List the prime factors of 3344612.
2, 836153
List the prime factors of 1938202.
2, 7, 167, 829
What are the prime factors of 6939183?
3, 2313061
List the prime factors of 1144148.
2, 31, 9227
What are the prime factors of 72858?
2, 3, 12143
List the prime factors of 371710.
2, 5, 37171
List the prime factors of 24567104.
2, 43, 79, 113
List the prime factors of 15020343.
3, 13, 42793
What are the prime factors of 919644?
2, 3, 11, 6967
What are the prime factors of 692156?
2, 173039
What are the prime factors of 565637?
565637
List the prime factors of 6867600.
2, 3, 5, 59, 97
What are the prime factors of 155488?
2, 43, 113
List the prime factors of 3125026.
2, 1562513
What are the prime factors of 666649?
666649
List the prime factors of 75533.
75533
List the prime factors of 198397.
198397
What are the prime factors of 1277375?
5, 11, 929
List the prime factors of 4272628.
2, 29, 36833
List the prime factors of 34101.
3, 421
List the prime factors of 82557.
3, 9173
List the prime factors of 521933.
491, 1063
List the prime factors of 764786.
2, 11, 34763
What are the prime factors of 2544742?
2, 53, 24007
List the prime factors of 3149865.
3, 5, 69997
What are the prime factors of 1371491?
11, 41, 3041
What are the prime factors of 112415?
5, 22483
What are the prime factors of 568491?
3, 7, 11, 23, 107
List the prime factors of 1366486.
2, 11, 179, 347
What are the prime factors of 199628?
2, 11, 13, 349
What are the prime factors of 232906?
2, 101, 1153
What are the prime factors of 19854?
2, 3, 1103
What are the prime factors of 263830?
2, 5, 7, 3769
What are the prime factors of 545190?
2, 3, 5, 17, 1069
What are the prime factors of 5472494?
2, 19, 144013
What are the prime factors of 12562?
2, 11, 571
What are the prime factors of 2344782?
2, 3, 11, 35527
What are the prime factors of 954117?
3, 106013
List the prime factors of 162161.
31, 5231
List the prime factors of 59252.
2, 14813
List the prime factors of 67830.
2, 3, 5, 7, 17, 19
What are the prime factors of 9590019?
3, 1429, 2237
What are the prime factors of 132147?
3, 14683
List the prime factors of 9674423.
11, 879493
List the prime factors of 189314.
2, 103, 919
What are the prime factors of 152945?
5, 13, 181
What are the prime factors of 16062278?
2, 31, 59, 4391
List the prime factors of 26694968.
2, 31, 107641
What are the prime factors of 2748470?
2, 5, 274847
What are the prime factors of 344623?
251, 1373
What are the prime factors of 466465?
5, 29, 3217
List the prime factors of 722874.
2, 3, 17, 19, 373
List the prime factors of 44566550.
2, 5, 7, 223, 571
What are the prime factors of 142307?
11, 17, 761
List the prime factors of 4990970.
2, 5, 337, 1481
What are the prime factors of 7813129?
7813129
What are the prime factors of 13798?
2, 6899
List the prime factors of 18676268.
2, 13, 17, 37, 571
List the prime factors of 1234296.
2, 3, 7, 31, 79
List the prime factors of 764749.
311, 2459
List the prime factors of 8467676.
2, 7, 302417
List the prime factors of 3582775.
5, 7, 59, 347
List the prime factors of 20668616.
2, 2583577
What are the prime factors of 16752469?
16752469
List the prime factors of 197244.
2, 3, 5479
What are the prime factors of 5647?
5647
List the prime factors of 3551.
53, 67
What are the prime factors of 1130546?
2, 565273
What are the prime factors of 749187?
3, 8324